s = -4*g + 10, 5*s + 2*g = q. Suppose -u + 40 = -0*v + 4*v, -4*u + 132 = s*v. What is the tens digit of u?
3
Let l = 167 + -65. Suppose 3*i + l = 4*i + 4*n, 0 = 2*i + 3*n - 204. What is the units digit of i?
2
Let b be (-1136)/12 + (-2)/6. Let m = 150 - b. What is the tens digit of (-2)/4 + m/10?
2
Let i be (-10)/2*42/(-35). Suppose -4 + i = -2*r. What is the units digit of (-2 - -1) + 2 - r?
2
Let r = -56 - -56. Let a(i) = -3*i + 12. What is the units digit of a(r)?
2
Let j be -17*12/(-3 + 2). Let m = j + 55. What is the hundreds digit of m?
2
Let i(m) be the third derivative of 0 + 0*m**3 + m**2 + 0*m + 1/8*m**4 + 1/60*m**5. What is the tens digit of i(-5)?
1
Suppose 1 = 4*k - 15. Suppose k*o = -8, o - 2 + 7 = -3*f. What is the units digit of -2*(f - 0)*8?
6
Let j(g) be the first derivative of 4 + 1/2*g**2 + 13/3*g**3 + 0*g. What is the tens digit of j(-1)?
1
Suppose -2*w - 4*s = -0*s - 642, -5*w + 1560 = -5*s. Let l = w + -225. What is the tens digit of l?
9
Let y(q) = q**3 + 15*q**2 - 14*q - 31. Let t(m) = -m**3 - 7*m**2 + 7*m + 16. Let u(j) = -5*t(j) - 3*y(j). What is the units digit of u(7)?
8
Suppose 26 = 3*d + s, -3*d + s = -s - 20. Let n = 8 - d. Suppose -3*f + 4*t + 43 = 0, n = 5*f + 5*t - 19 - 6. What is the units digit of f?
9
Suppose -q - 3*y + 130 + 50 = 0, 3*q - 540 = 5*y. Suppose 0 = 19*k - 23*k + q. What is the tens digit of k?
4
Let v = 12 + -2. Suppose 1 - v = -3*b. What is the units digit of (-4)/((3/(-2))/b)?
8
Suppose 4*b - 2*c = -6*c, 3*b - 3*c - 24 = 0. Suppose -2*n + 2*r + 104 = -2*r, -b*n + r = -180. What is the units digit of n?
4
Suppose -4*h - 3*a - 5 = -5*h, 0 = h + 2*a - 5. Suppose h*l + 2*w = 15, 0 = l - 2*l + 5*w - 24. Let g(j) = 21*j**3 - j**2 + j. What is the units digit of g(l)?
1
Suppose -5*b - 38 + 341 = 2*j, 0 = 2*j + b - 291. Suppose -6*d + 2*d = -j. Suppose 0 = -t - t - 3*a + d, 2*t + 5*a = 36. What is the tens digit of t?
1
Let h = 26 + -21. Let f = h + 17. What is the tens digit of (-101)/(-2) - 11/f?
5
Suppose 2*s - 5*w = -36 + 154, -s + 85 = 4*w. Suppose 0 = -8*b + 4*b + 4*y - 172, 0 = -4*b - 3*y - 144. Let d = s + b. What is the tens digit of d?
3
Suppose 24 = 3*v + 9. Suppose 82 = 6*a - v*a. What is the tens digit of a?
8
Let w = 1545 + 1670. What is the units digit of w?
5
Suppose -6*o + 3895 = -7961. Let r be (-4)/10 - o/(-40). Suppose -2*u + r = -63. What is the tens digit of u?
5
What is the units digit of 6 - (-4 - -12 - 89)?
7
Suppose 0 = -3*l - 8*l + 30723. What is the units digit of l?
3
Let y(x) = 2*x**2 - 4*x + 5. Let q be y(5). Suppose 22 - 70 = 3*v + 3*t, v + 4 = 5*t. Let l = q + v. What is the tens digit of l?
2
Let b be -3 - (0/(2 + 0) + -95). Let d = -54 + b. What is the units digit of d?
8
Suppose 5*h - 3*t - 1712 = 0, -424 + 64 = -h + 5*t. What is the tens digit of h?
4
Let a(y) = 3*y + 24. Let h(j) = 3*j + 25. Let i(d) = -5*a(d) + 6*h(d). What is the tens digit of i(14)?
7
Suppose 15*r + 1524 = 17*r - i, 0 = -3*r + 4*i + 2286. What is the hundreds digit of r?
7
Let j be 1*(-2)/4*0. Suppose 0*h + 5*p = 2*h, j = -h + 3*p. Suppose 2*z - 3*w + 5 = h, 3*z - 7 = 4*z - 3*w. What is the units digit of z?
2
Let y(z) = -z**2 + 3*z + 24. Let c be y(6). Suppose c*s = 4*s + 30. What is the tens digit of s?
1
Suppose q - 21 = -0*q - 5*c, 0 = -c + 5. What is the hundreds digit of 15/q*640/(-24)?
1
Suppose 0 = -4*v - 4*z - 0*z + 764, -3*v - 5*z = -583. Suppose -5*g + 479 = -v. What is the hundreds digit of g?
1
Suppose -59*k - f - 3878 = -64*k, 3*f = k - 770. What is the units digit of k?
6
Let u = 11 + -20. Let r = u - -85. What is the units digit of r?
6
Let d = -23 + 13. Let z(g) be the second derivative of g**4/12 + 5*g**3/6 - 7*g**2/2 + 8*g. What is the units digit of z(d)?
3
Let g(a) = -23*a - 3 + 8 - 5 - 3. What is the tens digit of g(-3)?
6
Let n = 739 - 721. What is the units digit of n?
8
What is the hundreds digit of (-42)/525 - (-25504)/50?
5
Suppose -18 = -4*u + 2*v, -5*u + 21 = -5*v + 3*v. Suppose -u*z = 2*z - 3*w + 15, 5*z - 15 = -3*w. What is the tens digit of -24*(2 + z + -3)?
2
Let f(q) = -4 + 9 - 2*q + 0*q - 6. Let l(r) = 3*r + 1. Let i be l(-1). What is the units digit of f(i)?
3
Suppose a = 1 - 7. What is the units digit of ((-4)/6)/(a/1287)?
3
Let a = 112 + -106. Let s(x) = 39*x + 27. What is the tens digit of s(a)?
6
Let a(k) = 2*k**2 - 83*k + 6. What is the tens digit of a(-6)?
7
Let q be (-49)/21 - (-4)/(-6). Let s be 9/q - (-30 - 2). Suppose -3*m - 9 = -3*h + 18, h + 3*m - s = 0. What is the units digit of h?
4
Let u(f) = -4*f**3 - 9*f**2 - f - 191. Let w(i) = i**3 + 3*i**2 + 64. Let a(t) = 2*u(t) + 7*w(t). What is the units digit of a(0)?
6
Suppose -9*w = -7*w - 60. What is the units digit of 191/3 - 20/w?
3
Suppose -5*g - 10 = -3*g. Let w(z) = z**2 + 7*z + 5. Let r be w(g). Let x(p) = -p**3 - 5*p**2 - 9*p - 3. What is the units digit of x(r)?
2
Let s be (225/12)/(4/16). Suppose -5*p + s = -2*p. What is the units digit of p?
5
Let f = 14 - 12. Suppose f*h + 15 = -3*h. What is the tens digit of 1 - (h + -36)/3?
1
Suppose -7*i + 2*i = 0. Suppose -2*c + j + 19 + 43 = 0, i = 5*c - 2*j - 153. What is the units digit of c?
9
Let c = -18 + 20. Let x(d) = -114*d. Let a be x(c). What is the tens digit of a/(-18) - (-2)/6?
1
Let h(n) = 2713*n**2 - 59*n + 58. What is the units digit of h(1)?
2
Let z(w) = -20*w - 22 + 2 + 27*w. What is the units digit of z(6)?
2
Suppose 80*n + 20935 = 87735. What is the units digit of n?
5
Suppose -47 - 1 = 6*s. Let l(t) = 3*t**2 - 21. What is the units digit of l(s)?
1
Let h be (-2)/(-3) - (-7)/3. Let a = -14 - -62. Suppose -h*p = p - a. What is the units digit of p?
2
Let w(g) = 114*g. Let z be w(1). Let k(u) = u**3 + 5*u**2 + 5*u - 1. Let o be k(-3). Suppose a = n + 24, 3*a - o*n - z = -2*a. What is the units digit of a?
2
Let o(v) = 18*v + 3 - 1 + 0 + 2. Let r be o(4). Suppose 3*u + t = 7*u - r, 4*u = 4*t + 76. What is the tens digit of u?
1
Let y be 5 + -4 - 1 - 206. Let x = -110 - y. What is the units digit of x?
6
What is the tens digit of (-57)/9*-73 + (-3)/9?
6
Let b be 14/4 + 9/(-6). Suppose b + 12 = k. Suppose k = 2*u + 5*l, -3*l - 26 = -2*u - 2*l. What is the units digit of u?
2
Suppose -5*o + 5*g = -5140, 7*g = 2*o + 4*g - 2054. What is the thousands digit of o?
1
Suppose -t - 2*o = 2*o - 12, -4*t + o + 14 = 0. Suppose 0*j + 3*j = -3, 0 = -t*s - 2*j + 386. What is the tens digit of s?
9
Let x = 85 - 43. What is the tens digit of x/(-9)*-6 - 4?
2
Let f be -3 - ((-12)/3 - 2). Suppose -2*n + 5 = f*n. Suppose 2*w - 5 = n. What is the units digit of w?
3
Suppose 4*k + 4*a - 4040 = 0, 0*a = 4*k + a - 4046. What is the thousands digit of k?
1
Let p(u) = 4*u - 3. Let q be p(2). Suppose 0 = q*x + 3*v - 65, 0*x - 3*v = 4*x - 55. Let b = x + 55. What is the tens digit of b?
6
Let l = -20 + 28. Suppose -6*i = -2*i - l. What is the units digit of i?
2
Suppose 3*w = y - 8, 3*y + 0*w + w - 4 = 0. Suppose -5*n - y*l + 802 = 0, 5*n + 5*l = 7*l + 798. What is the tens digit of n?
6
Let w(a) = 222*a + 4 + 3*a**2 - 6*a**3 - 2*a**3 - 216*a. What is the hundreds digit of w(-3)?
2
Let s(n) = 118*n**2 + 70*n + 207. What is the tens digit of s(-3)?
5
Let b(k) = -k - 3. Let g be b(-7). Suppose 5*r = -4*o - 5, 23*o - 1 = 18*o + r. Suppose -g*n = -5*s + 5, -4 = -4*s - o*s - 3*n. What is the units digit of s?
1
Let a = 131 - 68. What is the units digit of a?
3
Let b(i) = -i**2 - 17*i. Let f be b(-16). Suppose 228 = -12*y + f*y. What is the units digit of y?
7
Suppose -13*f - 3701 = -4*m - 8*f, -f = 5*m - 4619. What is the hundreds digit of m?
9
Suppose 6*u = 8*u - 4. Suppose -5*w - u*v + 337 = -0*v, v - 65 = -w. What is the units digit of w?
9
Suppose -1616 = -2*y + 2*z, 0 = -3*z - 21 + 18. What is the units digit of y?
7
Suppose -4*y + 5*l = -10997, -16978 = -4*y + 2*l - 5972. What is the thousands digit of y?
2
Let i be -6*(-2)/4 + 0. Let p be -4*(-3)/(-24)*-1*4. Suppose p*r - r = i. What is the units digit of r?
3
Let v(n) = n - 7. Let t be v(11). Suppose 0 = 3*h - 2*z + t*z - 66, -h = -2*z - 22. Suppose -h = -a - a. What is the tens digit of a?
1
Let k(x) = -x**2 + 6*x + 8. Let g be k(7). What is the tens digit of (-3)/(g - 2) + 186 + -21?
6
What is the hundreds digit of (426/(-24))/((-3)/240) + -5?
4
What is the hundreds digit of 1351 - -14 - 0*1/(-3)?
